 is divided by 732?
731
Calculate the remainder when 1201670 is divided by 98.
92
Calculate the remainder when 111048 is divided by 86.
22
Calculate the remainder when 101835 is divided by 2369.
2337
Calculate the remainder when 15726445 is divided by 11923.
8
What is the remainder when 2943156 is divided by 196210?
6
What is the remainder when 5797643 is divided by 3787?
3533
Calculate the remainder when 1152725 is divided by 4917.
2147
What is the remainder when 15048594 is divided by 175?
169
Calculate the remainder when 458518919 is divided by 28.
19
Calculate the remainder when 1831888 is divided by 36635.
138
What is the remainder when 1100318 is divided by 104?
102
Calculate the remainder when 1902596 is divided by 1205.
1106
What is the remainder when 50650776 is divided by 2026030?
26
Calculate the remainder when 3428566 is divided by 95237.
34
Calculate the remainder when 1239199 is divided by 141.
91
What is the remainder when 2952068 is divided by 676?
652
Calculate the remainder when 18348637 is divided by 679.
20
What is the remainder when 2525866 is divided by 841952?
10
Calculate the remainder when 1835788 is divided by 50.
38
Calculate the remainder when 10493870 is divided by 552308.
18
Calculate the remainder when 54854899 is divided by 8781.
8773
Calculate the remainder when 2157047 is divided by 158.
31
Calculate the remainder when 41649851 is divided by 325.
126
What is the remainder when 25036981 is divided by 216?
205
What is the remainder when 1081565 is divided by 108131?
255
What is the remainder when 16798871 is divided by 3473?
3443
What is the remainder when 87089071 is divided by 45?
31
Calculate the remainder when 4857257 is divided by 1304.
1161
What is the remainder when 486810 is divided by 149?
27
Calculate the remainder when 457475 is divided by 668.
563
Calculate the remainder when 3456046 is divided by 40186.
50
Calculate the remainder when 382778614 is divided by 298.
296
Calculate the remainder when 934563 is divided by 620.
223
What is the remainder when 140635 is divided by 1211?
159
What is the remainder when 23446235 is divided by 1483?
5
What is the remainder when 4713504 is divided by 482?
26
What is the remainder when 537174 is divided by 8167?
6319
Calculate the remainder when 3076840 is divided by 769205.
20
What is the remainder when 5568446 is divided by 31?
9
What is the remainder when 393383 is divided by 969?
938
What is the remainder when 149487 is divided by 16428?
1635
Calculate the remainder when 5535638 is divided by 5333.
5317
What is the remainder when 423506124 is divided by 17?
16
What is the remainder when 51817323 is divided by 1104?
1083
Calculate the remainder when 763091 is divided by 763059.
32
Calculate the remainder when 841825 is divided by 3050.
25
Calculate the remainder when 800941803 is divided by 4781.
4778
Calculate the remainder when 72267753 is divided by 1494.
1479
What is the remainder when 5197521 is divided by 5197483?
38
What is the remainder when 5401307 is divided by 83?
82
Calculate the remainder when 3937993 is divided by 422.
311
What is the remainder when 7706 is divided by 1190?
566
Calculate the remainder when 41485 is divided by 11369.
7378
Calculate the remainder when 47235507 is divided by 63.
60
Calculate the remainder when 8261364 is divided by 638.
540
Calculate the remainder when 773287 is divided by 276.
211
Calculate the remainder when 24763 is divided by 6175.
63
Calculate the remainder when 396518 is divided by 259.
248
Calculate the remainder when 1206845 is divided by 6818.
59
Calculate the remainder when 699549 is divided by 3930.
9
What is the remainder when 31282 is divided by 1585?
1167
What is the remainder when 1508420 is divided by 30?
20
What is the remainder when 312017 is divided by 580?
557
Calculate the remainder when 1035594 is divided by 172581.
108
Calculate the remainder when 1309996 is divided by 2467.
19
What is the remainder when 105396 is divided by 1671?
123
Calculate the remainder when 311867 is divided by 550.
17
Calculate the remainder when 1610675599 is divided by 10.
9
What is the remainder when 367833 is divided by 1251?
39
What is the remainder when 33253 is divided by 2994?
319
What is the remainder when 29823479 is divided by 45?
44
What is the remainder when 25415 is divided by 3252?
2651
Calculate the remainder when 61035 is divided by 10162.
63
What is the remainder when 8259742 is divided by 4159?
4127
Calculate the remainder when 1233863 is divided by 154232.
7
What is the remainder when 88469441 is divided by 23?
10
Calculate the remainder when 214151 is divided by 53467.
283
What is the remainder when 191441272 is divided by 763?
757
What is the remainder when 62803 is divided by 132?
103
What is the remainder when 7510777 is divided by 5342?
5267
What is the remainder when 297399 is divided by 148689?
21
Calculate the remainder when 59297887 is divided by 205.
202
What is the remainder when 10791848 is divided by 6674?
6664
What is the remainder when 21685 is divided by 20257?
1428
What is the remainder when 729034 is divided by 243?
34
What is the remainder when 156648 is divided by 1649?
1642
Calculate the remainder when 1015433 is divided by 4415.
4398
Calculate the remainder when 158373 is divided by 52628.
489
Calculate the remainder when 11512660 is divided by 54.
22
Calculate the remainder when 8775395 is divided by 873.
872
What is the remainder when 62620711 is divided by 303?
4
Calculate the remainder when 8010 is divided by 447.
411
Calculate the remainder when 734809 is divided by 85.
69
What is the remainder when 10413214 is divided by 15291?
43
Calculate the remainder when 4255848 is divided by 6734.
6694
What is the remainder when 1871 is divided by 393?
299
Calculate the remainder when 103869 is divided by 51896.
77
Calculate the remainder when 43921332 is divided by 155199.
15
What is the remainder when 1320954 is divided by 128?
122
What is the remainder when 4776005 is divided by 36?
29
What is the remainder when 25882 is divided by 5005?
857
Calculate the remainder when 267153 is divided by 230.
123
Calculate the remainder when 26487953 is divided by 23053.
56
What is the remainder when 346368 is divided by 921?
72
Calculate the remainder when 35081277 is divided by 16.
13
Calculate the remainder when 230991 is divided by 1582.
19
Calculate the remainder when 762296 is divided by 1100.
1096
Calculate the remainder when 55002060 is divided by 3586.
3578
Calculate the remainder when 8574922 is divided by 2858293.
43
What is the remainder when 14169564 is divided by 4723182?
18
What is the remainder when 70869 is divided by 11240?
3429
What is the remainder when 14259118 is divided by 365618?
16
Calculate the remainder when 334840 is divided by 5222.
632
Calculate the remainder when 627938 is divided by 155467.
6070
What is the remainder when 2308586 is divided by 769527?
5
What is the remainder when 3261061 is divided by 22965?
31
Calculate the remainder when 465536 is divided by 643.
4
What is the remainder when 1025116 is divided by 512098?
920
Calculate the remainder when 8186718 is divided by 152.
150
Calculate the remainder when 1046817 is divided by 385.
2
Calculate the remainder when 92534006 is divided by 1287.
1280
Calculate the remainder when 3956868 is divided by 152.
4
What is the remainder when 3346789 is divided by 7?
5
Calculate the remainder when 3071992 is divided by 2417.
2402
What is the remainder when 115286 is divided by 7205?
6
What is the remainder when 1210365 is divided by 84?
9
Calculate the remainder when 627815 is divided by 41847.
110
What is the remainder when 22498359 is divided by 306?
15
What is the remainder when 3319 is divided by 1162?
995
Calculate the remainder when 907702 is divided by 86.
58
Calculate the remainder when 48010 is divided by 5296.
346
What is the remainder when 17790 is divided by 387?
375
What is the remainder when 10810434 is divided by 60?
54
What is the remainder when 1615103 is divided by 112?
63
What is the remainder when 50303 is divided by 5338?
2261
What is the remainder when 1925087 is divided by 4618?
3999
What is the remainder when 3395577 is divided by 1131839?
60
What is the remainder when 3968 is divided by 19